*q + q**2. List the prime factors of w(5).
2
Suppose -16*q + 10*q = -594. What are the prime factors of q?
3, 11
Let q be (1 - -2)*4/6. Let t be (-21)/(-14) + 3/q. Suppose -t*n = -7*n + 80. What are the prime factors of n?
2, 5
Let v(d) = 6*d - 21. What are the prime factors of v(13)?
3, 19
Suppose -3*s = -73 + 16. Let q = 35 - s. List the prime factors of q.
2
What are the prime factors of (1 - (3 + 63/(-6)))*2?
17
Let b(w) = -w**2 + 5*w - 2. Let o(q) = 3*q + 1. Let a be o(1). What are the prime factors of b(a)?
2
Let f(o) = 2*o + 2. Suppose -11 = -4*v + q, 5*v - 2*v - 7 = 2*q. Let g be f(v). Let t = 14 - g. What are the prime factors of t?
2, 3
Let v(c) be the second derivative of c**4/12 - c**3/2 + c**2/2 + c. Let l(i) be the first derivative of v(i). List the prime factors of l(5).
7
Let s(r) = -3*r + 1. Let y(i) = -5*i + 2. Let l(x) = 10*x - 4. Let f(w) = -2*l(w) - 5*y(w). Let c(d) = -4*f(d) - 7*s(d). List the prime factors of c(8).
3
Let w be ((-3)/6)/((-2)/(-4)). Let v be 0 - ((-1)/(-1) - w). List the prime factors of v/(-3)*6/1.
2
Let x = 2 + -2. Suppose a - 4 = -x. List the prime factors of a.
2
Let u = 25 - 15. Let y = 16 - u. What are the prime factors of y?
2, 3
What are the prime factors of 2156/16 + ((-27)/(-12) - 3)?
2, 67
Suppose -2*v - 18 = -3*v. List the prime factors of v.
2, 3
Let z(x) be the first derivative of -x**4/4 + 10*x**3/3 - 5*x**2/2 - 2*x - 4. List the prime factors of z(9).
2, 17
Let f(b) = -7*b + 3 - 4*b + 10*b. Let r be (2/4)/((-1)/16). What are the prime factors of f(r)?
11
Suppose -54 = -9*w + 8*w. What are the prime factors of w?
2, 3
Suppose 2*n - 5*n - 54 = 0. Let i be 1/((-15)/n)*-5. What are the prime factors of (-54)/(-7) - i/21?
2
Suppose 3*r = -z - 0*z + 139, -3*r = -5*z - 133. What are the prime factors of r?
2, 23
List the prime factors of (24 - 2) + 8/(-4).
2, 5
Let m(t) = -75*t**3 + t. What are the prime factors of m(-1)?
2, 37
Suppose -2*o = -g + 41, -5*g - 3*o = 2*o - 190. List the prime factors of g.
3, 13
Let f(i) = -3*i - 2. Suppose 24 = 3*k - 6*k. What are the prime factors of f(k)?
2, 11
Let j be (-2)/4 + 2/4. Suppose 0*q - 32 = -2*q. Suppose j = 4*c - q - 4. What are the prime factors of c?
5
Suppose 10*o - 6*o = -16, 2*k + 2*o - 790 = 0. List the prime factors of k.
3, 7, 19
Suppose 0*d - 5*d = 0. Suppose -2 + d = 2*k. Let n = k - -8. List the prime factors of n.
7
Let y = 0 - -15. Let s = 27 - y. Suppose -3*t = s - 42. What are the prime factors of t?
2, 5
Let h(a) = -a**2 - 9*a - 10. Let z be h(-8). List the prime factors of z*(-1 - (-1)/(-2)).
3
Suppose -5*g + 23 = -4*g. List the prime factors of g.
23
Let n be -1 + 3 - 4/2. Let j = 3 - n. Suppose j*h = 4*h - 8. List the prime factors of h.
2
Let t(d) = d**2 + 5. Let s be t(0). Suppose 0 = 3*i - i + m - 7, -2*i - s = 5*m. List the prime factors of i.
5
Suppose -243 = -5*v - 23. List the prime factors of v.
2, 11
Suppose -2*q - 446 = -4*r, 0 = -r + 2*r + 2*q - 114. Suppose -r = -4*n - 44. List the prime factors of n.
17
Let w = 136 + -90. What are the prime factors of (-1)/(w/(-15) + 3)?
3, 5
Suppose -2*d = 2*p, p - 2*d = 2 + 4. Suppose 6*s - p*s = 4*b + 176, 2*b - 182 = -4*s. What are the prime factors of s?
3, 5
Let b = 0 - -5. Suppose 2 = 2*g - 4*a, b*g = 2*a - 5*a - 21. Let v(x) = -x - 1. List the prime factors of v(g).
2
Let s(i) = -i**2 - 3*i + 30. What are the prime factors of s(-7)?
2
Let o be (-1 - -4)/(4/4). Suppose 0*x - o*v + 32 = 2*x, -10 = -5*v. What are the prime factors of x?
13
Suppose -g + 93 = 2*g + 3*i, 2*g = 2*i + 50. List the prime factors of g.
2, 7
Suppose -i = -2*i - 1, -2*p + 66 = -2*i. What are the prime factors of p?
2
Suppose -2*u + 3 = -3. Suppose -u*d = -6*d + 51. What are the prime factors of d?
17
Suppose -8 = -3*a - 2*n, -3*n = 2*a - n - 6. List the prime factors of a.
2
Let f(r) be the first derivative of -r**3/3 + 4*r**2 + 4*r + 4. List the prime factors of f(8).
2
Let f(c) = c**3 - 9*c**2 + 6*c + 6. List the prime factors of f(9).
2, 3, 5
Let w be -13 + 65 - (-6)/(-2). List the prime factors of 1526/w - (-1)/(-7).
31
Let n(v) = v**3 - 17*v**2 + 25*v - 28. List the prime factors of n(16).
2, 29
Let m(s) = s - s**3 + s**2 - 10*s**2 - 3*s + 3. What are the prime factors of m(-9)?
3, 7
Let p(t) be the first derivative of -t**4/4 + 7*t**3/3 - 3*t**2 + 4*t - 1. Let b be p(6). Suppose 19 = 5*l + b. What are the prime factors of l?
3
Let b = -513 + 817. What are the prime factors of b?
2, 19
Let z(l) = l + 4. Let o(y) = -y**3 - 2*y**2 + 2*y - 3. Let i be o(-3). What are the prime factors of z(i)?
2
Let d(u) = 3*u - 2. Let r be d(5). Let n = r - -4. What are the prime factors of n?
17
Let w = -4 + 8. Suppose -2*j + 5*j = 0, -4*v - 5*j = -20. Suppose -w*b = -v*z - 64, 1 = -b - 2*z + 4. What are the prime factors of b?
11
Let h(u) = 9*u**3 - 5*u**2 + 3*u - 3. Let c(a) = -8*a**3 + 5*a**2 - 3*a + 3. Let k(d) = -7*c(d) - 6*h(d). What are the prime factors of k(3)?
3, 5
Let p(o) be the third derivative of -o**4/24 - 2*o**3/3 + 3*o**2. What are the prime factors of p(-9)?
5
Let m(k) = 2*k**2 + 8*k + 3. List the prime factors of m(-5).
13
Let m = -7 + -5. Let r = 14 + m. List the prime factors of r.
2
Suppose -2*q + q = -39. Suppose 4*o = -15 + q. Suppose 2*z = -0*z + o. What are the prime factors of z?
3
Let j(q) = -6*q + 1. Let f(a) = -3*a + 1. Let r be f(1). List the prime factors of j(r).
13
Let x(t) = -t + 2. Let q be x(-3). Suppose -q*z + 20 = -0*z. Let k = 20 - z. What are the prime factors of k?
2
Let c be (-1 - (1 + -2)) + -12. Let z be 54/(-4) + (-18)/c. What are the prime factors of z*((-10)/(-8))/(-5)?
3
Suppose 0 = 4*i - 5*z - 248 - 168, -z = -4*i + 400. What are the prime factors of i?
3, 11
Let a be (-4)/12 + 2/6. Suppose -2*n + 4*n = -2*h + 78, 5*n - 4*h - 213 = a. Let r = n + -28. List the prime factors of r.
13
Let l(c) = -2*c - 1. Let w be l(3). Suppose 8*d + 5*x = 3*d + 120, -d + 12 = -5*x. Let s = d + w. What are the prime factors of s?
3, 5
Let w(i) be the third derivative of -i**6/120 - 19*i**5/60 - 11*i**4/12 - 4*i**3 - 6*i**2. List the prime factors of w(-18).
2, 3
Suppose 6*i - 2*d = i + 15, 4*i - 40 = -4*d. Let m = i + -5. Suppose -3*k - 3*n + 12 = 0, -4*k + 0*k - 3*n + 17 = m. What are the prime factors of k?
5
Let r be 262/11 - (-4)/22. What are the prime factors of (r/(-20))/((-1)/10)?
2, 3
Let v(c) = 16*c**2. Suppose -2*i + 5*i + 37 = -5*x, 4*x + 40 = -5*i. Let d = x + 4. What are the prime factors of v(d)?
2
Let o be (4/(-6))/((-3)/(-9)). Let k be -2 - 8*(o + 1). Suppose 0 = 3*p + 5*y - 46, -k = p + 3*y - 24. List the prime factors of p.
2, 3
Let c(k) = -18*k**3 + 2*k**2 - 1. Suppose 5*s - 3 - 4 = 4*z, -5*s = -5*z - 10. What are the prime factors of c(s)?
19
Let y(l) = 5*l**2 - 3. What are the prime factors of y(-2)?
17
Suppose -2*i - 2 + 6 = 0. What are the prime factors of ((-196)/(-42))/(i/12)?
2, 7
Suppose -5*x + x - 4*t = 16, -32 = 5*x - t. Let z(f) = -5*f - 7. List the prime factors of z(x).
23
Suppose -125 = -2*s + s. Suppose -3*p + 6 = -9, -5*y = -3*p - s. Let z = -17 + y. List the prime factors of z.
11
Let t(x) be the first derivative of 1/2*x**2 + 18*x + 2. What are the prime factors of t(0)?
2, 3
Let w = 13 - 14. Let f(k) = 43*k**2 + k + 2. What are the prime factors of f(w)?
2, 11
List the prime factors of (-5)/2*1410/(-25).
3, 47
Suppose 5*h - h + 113 = z, -z - 2*h = -107. What are the prime factors of z?
109
Let q be (-2)/(-3) - 4/(-3). List the prime factors of 12*(q/6)/1.
2
Let k(l) = -l**2 - 4*l + 1. Let t be k(-6). Let z = t - -15. Suppose 0 = 4*x - 5*a - 2, -a + 6 = z. What are the prime factors of x?
3
Suppose -d - 7 = -0*d. Let n be (6/4)/((-9)/24). Let f = n - d. List the prime factors of f.
3
Let z be ((-3)/6)/(2/(-4)). Let u be -4 + 10 - (z + -2). Let k(g) = -g + 14. List the prime factors of k(u).
7
Let m(z) = 9*z - 6. Let i be m(7). Let b = i + -40. Let d = -8 + b. List the prime factors of d.
3
Let m(p) = p**3 - 5*p**2 - 6*p + 9. What are the prime factors of m(6)?
3
Suppose 0 = -4*p + 4*g + 24, 5*g + 20 = -3*p - 2*p. Let y(l) = 13*l**2 - 2*l + 1. Let x be y(p). Suppose h + h - x = 0. List the prime factors of h.
2, 3
Let h(r) = 4*r**2 + 8*r - 4. Let i be h(-4). Suppose 0 = -d + 23 + i. What are the prime factors of d?
3, 17
Let f(u) = u**3 - 5*u**2 - 6